**3 + 7*k**2 + 8*k - 2. Calculate p(8).
-2
Let m(u) = 3*u**2 + 2*u + 10. Determine m(-5).
75
Let n(y) = y**3 - 5*y**2 + 8*y + 1. Determine n(4).
17
Let h(y) = -15*y + 320. What is h(22)?
-10
Let b(m) = -m**2 + 28*m - 177. Give b(19).
-6
Let p(c) = 11*c + 47. Give p(-6).
-19
Let j(v) = -v - 27. What is j(-26)?
-1
Let f(t) = t**3 - 6*t**2 - 9*t + 5. Calculate f(8).
61
Let o(a) = -a**3 - 11*a**2 + a + 1. What is o(-11)?
-10
Let k(m) = m**3 + m**2 + 6. What is k(0)?
6
Let j(v) = 68*v - 70. What is j(1)?
-2
Let k(x) = 21*x - 67. What is k(3)?
-4
Let b(c) = -3*c**2 + 46*c + 21. What is b(15)?
36
Let y(m) = m**2 + 3*m + 1. Determine y(-3).
1
Let o(i) = -i**3 + 7*i**2 - 12*i + 7. What is o(5)?
-3
Let b(a) = -9*a**2 + 30*a - 1. Determine b(3).
8
Let n(d) = -d**2 + 11*d + 58. What is n(15)?
-2
Let f(b) = -2*b**2 + 44*b + 38. Give f(23).
-8
Let b(i) = -8*i + 13. What is b(3)?
-11
Let m(b) = -b**3 + 11*b**2 - 2*b + 12. What is m(11)?
-10
Let f(l) = 10*l - 13. Determine f(6).
47
Let t(b) = -b**3 - 2*b**2 - 2*b + 2. What is t(-2)?
6
Let x(s) = -s**3 - 9*s**2 - 8*s + 6. Give x(-8).
6
Let i(p) = -p**2 + 14*p - 20. Determine i(13).
-7
Let j(h) = -2*h**3 + 4*h**2 + 5*h + 4. Give j(-2).
26
Let p(x) = 2*x**3 + 7*x**2 + 10*x + 18. Calculate p(-4).
-38
Let l(p) = p**3 + 11*p**2 - 3*p - 12. Give l(-11).
21
Let o(y) = -y**3 - 9*y**2 - 4*y + 10. What is o(-8)?
-22
Let c(d) = -d**3 - 6*d**2 - 9*d + 4. Give c(-3).
4
Let p(m) = 28*m + 155. Calculate p(-5).
15
Let s(y) = 16*y + 82. Determine s(-8).
-46
Let n(z) = 12*z + 208. Give n(-17).
4
Let l(k) = -k**2 - 9*k - 20. Give l(-5).
0
Let j(r) = r**2 + 13*r + 3. Give j(-6).
-39
Let p(o) = -o**3 - 14*o**2 - 15*o - 25. Determine p(-13).
1
Let q(i) = 2*i - 10. What is q(-12)?
-34
Let t(l) = -2*l**2 + 31*l - 2. What is t(15)?
13
Let z(k) = -k**2 + 7*k + 1. Give z(0).
1
Let a(n) = -2*n + 12. What is a(7)?
-2
Let l(r) = 4*r + 4. Determine l(0).
4
Let y(b) = -b + 11. Determine y(3).
8
Let a(q) = q**3 - 23*q**2 - 33*q + 221. Calculate a(24).
5
Let s(w) = -w**3 - 6*w**2 - 2*w - 4. Give s(-6).
8
Let j(m) = m**3 - 9*m**2 + 7*m - 1. Determine j(7).
-50
Let s(k) = k**2 + 10*k - 242. Determine s(-22).
22
Let k(w) = -21*w - 14. Give k(-1).
7
Let b(p) = -12*p + 2. What is b(-2)?
26
Let s(i) = -7*i + 3. Determine s(-7).
52
Let d(u) = -u**3 + 9*u**2 + 22*u - 16. Give d(11).
-16
Let y(p) = -p**3 - p**2 - 7*p + 7. Give y(4).
-101
Let x(z) = -z**3 - 9*z**2 - 8*z + 9. Determine x(-8).
9
Let x(f) = 2*f - 5. Calculate x(8).
11
Let a(h) = -h**2 + 40*h - 259. Give a(8).
-3
Let m(r) = r**3 - 14*r**2 - 3*r + 14. Determine m(14).
-28
Let p(k) = 2*k**2 + 7*k - 3. Give p(7).
144
Let x(k) = 3*k - 3. What is x(-4)?
-15
Let d(j) = j**2 - 9*j - 4. What is d(7)?
-18
Let n(o) = 3*o - 71. Calculate n(20).
-11
Let p(a) = -a**2 + 7. Give p(4).
-9
Let u(c) = 9*c**2 - 2*c + 7. Calculate u(3).
82
Let x(h) = -h**3 - 5*h**2 + 7*h + 7. Give x(-6).
1
Let v(y) = 4*y**2 - 32*y. Calculate v(8).
0
Let b(g) = -25*g - 1479. What is b(-59)?
-4
Let f(g) = g**2 + 3*g - 8. What is f(-4)?
-4
Let g(f) = -66*f + 1382. Give g(21).
-4
Let i(p) = -p**3 - 7*p**2 + 11*p + 107. Determine i(-6).
5
Let b(t) = -5*t + 23. Determine b(-2).
33
Let q(t) = 2*t**3 + 14*t**2 + 7*t + 9. What is q(-6)?
39
Let y(c) = 3*c**2 + 2. Calculate y(2).
14
Let s(l) = l + 62. Calculate s(-44).
18
Let o(y) = 6*y**3 + 5*y**2 - 9*y + 2. What is o(2)?
52
Let o(h) = 2*h**3 + 12*h**2 + 4*h + 14. Calculate o(-6).
-10
Let j(w) = 8*w + 1. Calculate j(0).
1
Let i(f) = 57*f - 8. Give i(2).
106
Let n(o) = -34*o**2 + 11*o + 3. Give n(-2).
-155
Let j(p) = p**2 - 9*p + 16. Give j(8).
8
Let k(b) = 19*b + 6. Calculate k(1).
25
Let i(l) = 2*l**2 - 44*l + 209. Calculate i(7).
-1
Let s(p) = p + 74. Calculate s(-25).
49
Let s(o) = o**2 + 17*o - 48. Calculate s(-18).
-30
Let t(d) = -3*d - 61. What is t(-22)?
5
Let d(n) = 3*n**2 + 9*n + 7. What is d(-3)?
7
Let g(s) = s**3 - 9*s**2 - 11*s - 24. Determine g(10).
-34
Let o(c) = -8*c - 56. What is o(-8)?
8
Let k(n) = -8*n - 2. What is k(1)?
-10
Let c(l) = l**3 - 17*l**2 - 10*l + 155. What is c(17)?
-15
Let d(j) = -j**3 + 11*j**2 + 13*j - 12. Determine d(12).
0
Let t(x) = -x**3 - 17*x**2 + 4. What is t(-17)?
4
Let h(s) = 5*s - 3. Give h(0).
-3
Let t(o) = 10*o - 36. What is t(-2)?
-56
Let r(a) = a**3 - 14*a**2 + 21*a + 14. What is r(12)?
-22
Let x(k) = -k**3 - 9*k**2 - k + 48. What is x(-8)?
-8
Let v(b) = -2*b**3 - 10*b**2 + 19*b - 9. Determine v(-6).
-51
Let l(m) = 11*m + 1. Give l(4).
45
Let m(f) = -f**3 - 2*f**2 - 2*f + 2. Determine m(-3).
17
Let q(u) = -34*u - 218. Give q(-7).
20
Let s(m) = -2*m**2 - 2*m - 3. Calculate s(-1).
-3
Let t(o) = -14*o**2 + o - 6. Calculate t(0).
-6
Let b(i) = 2*i - 29. Give b(10).
-9
Let c(w) = w**2 + 12*w + 16. Determine c(-11).
5
Let y(q) = q**2 + 47*q + 220. Determine y(-5).
10
Let z(n) = n**3 - 14*n**2 - 13*n - 30. Give z(15).
0
Let n(u) = u**2 + 9*u + 16. Give n(-6).
-2
Let b(m) = -m**2 - 11*m - 15. Calculate b(-4).
13
Let m(o) = -o**2 + 14*o + 96. Give m(19).
1
Let i(x) = x**3 - 41*x**2 - 85*x - 38. Determine i(43).
5
Let z(o) = -13*o - 3. Determine z(0).
-3
Let p(y) = y**3 + y. Determine p(1).
2
Let s(j) = j**2 - 9*j - 38. Give s(12).
-2
Let w(o) = -o**2 + 14*o + 1. Give w(7).
50
Let l(j) = -5*j + 16. Give l(5).
-9
Let p(d) = d**3 - 5*d**2 + 9*d + 2. Determine p(4).
22
Let m(g) = -4*g - 2. What is m(1)?
-6
Let l(v) = -v**2 + 28*v - 61. Give l(26).
-9
Let f(k) = -k**2 + 13*k + 6. Calculate f(13).
6
Let q(o) = -2*o**2 + 10*o + 22. Calculate q(-2).
-6
Let x(g) = g**3 - 2*g**2 - 22*g + 2. Calculate x(6).
14
Let b(o) = 128*o + 644. Calculate b(-5).
4
Let s(g) = 95*g**2 - 1. Determine s(1).
94
Let y(i) = -4*i + 41. Calculate y(5).
21
Let n(u) = u - 5. What is n(10)?
5
Let v(t) = 7*t**2 + 2*t. What is v(-3)?
57
Let x(y) = y**3 - 11*y**2 - 8*y - 43. What is x(12)?
5
Let n(c) = 2*c**2 - 4*c - 3. Give n(-3).
27
Let q(g) = -14*g - 117. Calculate q(-9).
9
Let b(o) = -o - 6. Calculate b(-3).
-3
Let p(o) = 14*o + 25. Calculate p(-3).
-17
Let c(i) = -i**3 - 13*i**2 - 18*i + 40. Calculate c(-11).
-4
Let h(s) = 14*s + 430. Give h(-30).
10
Let f(i) = -6*i + 6. Calculate f(-10).
66
Let w(n) = -2*n**2 - 78*n - 84. Calculate w(-38).
-8
Let b(h) = 2*h - 57. Give b(18).
-21
Let d(m) = -5*m**2 + 1. What is d(1)?
-4
Let s(n) = -2*n**3 - 4*n**2. Determine s(-3).
18
Let j(c) = c**2 + 12*c - 1. Give j(-12).
-1
Let z(d) = d**2 - d - 55. Determine z(11).
55
Let m(s) = 8*s - 31. Calculate m(3).
-7
Let c(y) = y**3 + 10*y**2 + 13*y + 8. What is c(-8)?
32
Let f(n) = n**2 - 9*n + 3. Calculate f(9).
3
Let p(v) = 24*v - 9. Give p(3).
63
Let s(a) = -9*a**2 - a - 1. Determine s(-1).
-9
Let n(y) = -29*y - 40. Give n(-2).
18
Let c(u) = -u**3 + 9*u**2 + 3*u - 3. Calculate c(4).
89
Let j(l) = -l**3 + 34*l**2 - 63*l - 27. What is j(32)?
5
Let l(t) = -t**3 - 4*t**2 - 5*t + 3. Determine l(-5).
53
Let v(k) = 5*k + 4. Determine v(2).
14
Let w(q) = 2*q**2 + 32*q - 254. Determine w(-22).
10
Let k(g) = -2*g + 7. Give k(7).
-7
Let f(i) = -i**3 - 5*i**2 - 2*i - 6. What is f(-5)?
4
Let o(z) = z**2 + 11*z + 17. Calculate o(-6).
-13
Let c(g) = 8*g + 63. Determine c(-8).
-1
Let w(l) = -l**3 + 12*l**2 - 10*l - 19. Give w(11).
-8
Let l(s) = s**2 + 21*s + 23. Give l(-18).
-31
Let x(m) = -m**3 + 9*m**2 - 3*m + 21. Determine x(9).
-6
Let n(t) = 3*t - 13. Determine n(-5).
-28
Let r(g) = g**3 - 8*g**2 - 11*g - 1. Determine r(9).
-19
Let h(f) = -f**2 - 24*f + 435. Calculate h(12).
3
Let l(i) = -i**3 + 17*i**2 - 14*i + 22. What is l(16)?
54
Let i(c) = -2*c + 25. Calculate i(13).
-1
Let g(c) = -8*c + 133. Determine g(21).
-35
Let t(r) = 21*r + 4. Determine t(1).
25
Let p(z) = -z**2 + 15*z - 17. Calculate p(16).
-33
Let b(d) = -5*d - 1. Calculate b(-3).
14
Let g(c) = c**2 - 10*c + 1. Calculate g(10).
1
Let s(h) = -3*h**2 - 21*h + 26. Calculate s(-8).
2
Let q(b) = b**3 - 4*b**2 - 6*b + 4. Calculate q(5).
-1
Let m(d) = d**3 + d - 16. Determine m(0).
-16
Let o(p) = -p**2 - 3*p + 6. Determine o(-7).
-22
Let h(j) = -j**2 - 3*j + 3. Determine h(3).
-15
Let g(h) = h**3 - 3*h**2 + 4*h - 3. Give g(3).
9
Let j(p) = p**3 + 19*p**2 + 14*p - 38. What is j(-18)?
34
Let i(b) = 5*b - 5. Determine i(4).
15
Let g(b) = 3*b - 55. Give g(22).
11
Let x(i) = -7*i**3 + 8*i**2 + 3*i - 5. Determine x(2).
-23
Let c(h) = -6*h + 35. What is c